{"id":4831,"date":"2019-09-16T05:43:43","date_gmt":"2019-09-16T05:43:43","guid":{"rendered":"https:\/\/demo2.madrasthemes.com\/front-demos\/main\/?page_id=4831"},"modified":"2022-06-29T09:35:17","modified_gmt":"2022-06-29T09:35:17","slug":"contacts","status":"publish","type":"page","link":"https:\/\/citadel.bf\/index.php\/contacts\/","title":{"rendered":"Contacts"},"content":{"rendered":"\n<div class=\"dzsparallaxer auto-init height-is-based-on-content use-loading mode-scroll ugb-hero-style-v3 bg-primary\" data-options=\"{direction: &quot;normal&quot;}\" style=\"border-radius:0;text-align:center\"><div class=\"divimage dzsparallaxer--target\" style=\"height:120%;background-image:url(https:\/\/citadel.bf\/wp-content\/uploads\/2022\/06\/UV-BF-siege-min.jpg)\"><\/div><div class=\"container position-relative space-2 space-top-md-5 space-bottom-md-3 z-index-2\"><div class=\"w-lg-80 text-center mx-auto\"><h1 class=\"text-white display-3 font-size-md-down-5 font-weight-semi-bold\" style=\"text-align:center\">Avez-vous des questions ?<\/h1><p class=\"text-white lead\" style=\"text-align:center\"><span class=\"font-weight-semi-bold\"><span style=\"color:#f8f9fa\" class=\"fgb-has-inline-color\">Nous serions ravis de discuter de la mani\u00e8re dont nous pouvons vous aider.<\/span><\/span><\/p><\/div><\/div><\/div>\n\n\n\n<div class=\"fgb-icon-block\"><div class=\"clearfix space-2\"><div class=\"row no-gutters\"><div class=\"col-sm-4 col-lg-4 u-ver-divider u-ver-divider--none-lg\"><div class=\"text-center py-5\"><figure class=\"mx-auto mb-3 w-100 w-100 max-width-8 ie-height-56\"><img decoding=\"async\" class=\"js-svg-injector\" alt=\"SVG\" src=\"https:\/\/citadel.bf\/wp-content\/themes\/front\/assets\/svg\/icons\/icon-8.svg\"\/><\/figure><h2 class=\"icon-block__title h6 mb-0\">Adresse<\/h2><p class=\"icon-block__description mb-0\"><strong>UNIVERSITE VIRTUELLE BURKINA FASO (BP : 64 Ouagadougou Cit\u00e9 AN II \u2013 Burkina Faso)<\/strong><\/p><\/div><\/div><div class=\"col-sm-4 col-lg-4 u-ver-divider u-ver-divider--none-lg\"><div class=\"text-center py-5\"><figure class=\"mx-auto mb-3 w-100 w-100 max-width-8 ie-height-56\"><img decoding=\"async\" class=\"js-svg-injector\" alt=\"SVG\" src=\"https:\/\/citadel.bf\/wp-content\/themes\/front\/assets\/svg\/icons\/icon-15.svg\"\/><\/figure><h2 class=\"icon-block__title h6 mb-0\">Email<\/h2><p class=\"icon-block__description mb-0\"><a href=\"mailto:info@citadel.bf\">info@citadel.bf<\/a><\/p><\/div><\/div><div class=\"col-sm-4 col-lg-4 u-ver-divider u-ver-divider--none-lg\"><div class=\"text-center py-5\"><figure class=\"mx-auto mb-3 w-100 w-100 max-width-8 ie-height-56\"><img decoding=\"async\" class=\"js-svg-injector\" alt=\"SVG\" src=\"https:\/\/citadel.bf\/wp-content\/themes\/front\/assets\/svg\/icons\/icon-16.svg\"\/><\/figure><h2 class=\"icon-block__title h6 mb-0\">Num\u00e9ro de t\u00e9l\u00e9phone<\/h2><p class=\"icon-block__description mb-0\"><a href=\"tel:+22602203131\">+226 02 20 31 31<\/a><\/p><\/div><\/div><\/div><\/div><\/div>\n\n\n<hr class=\"my-0\">\n\n\n<div class=\"section-block default container space-2 space-md-3\"><div class=\"w-lg-50 w-md-80 mx-md-auto text-center mx-md-auto mb-9\"><span class=\"btn btn-pill mb-2 btn-soft-success btn-xs font-weight-normal\">Laissez un message<\/span><h2 class=\"text-primary h2 font-weight-normal\">Parlez-nous de vous<\/h2><p class=\"h6 font-weight-normal\">Que vous ayez des questions ou que vous souhaitiez simplement nous dire bonjour, contactez-nous.<\/p><\/div><div class=\"w-lg-80 mx-auto\"><div class=\"wpforms-container wpforms-container-full contact-form contact-form-4\" id=\"wpforms-9510\"><form id=\"wpforms-form-9510\" class=\"wpforms-validate wpforms-form wpforms-ajax-form\" data-formid=\"9510\" method=\"post\" enctype=\"multipart\/form-data\" action=\"\/index.php\/wp-json\/wp\/v2\/pages\/4831\" data-token=\"3c81518009709b01571728b9a978f120\" data-token-time=\"1778074390\"><noscript class=\"wpforms-error-noscript\">Veuillez activer JavaScript dans votre navigateur pour remplir ce formulaire.<\/noscript><div class=\"wpforms-field-container\"><div id=\"wpforms-9510-field_0-container\" class=\"wpforms-field wpforms-field-name col-sm-6 mb-5\" data-field-id=\"0\"><label class=\"wpforms-field-label\" for=\"wpforms-9510-field_0\">Your name <span class=\"wpforms-required-label\">*<\/span><\/label><input type=\"text\" id=\"wpforms-9510-field_0\" class=\"wpforms-field-large wpforms-field-required\" name=\"wpforms[fields][0]\" placeholder=\"Jack Wayley\" required><\/div><div id=\"wpforms-9510-field_1-container\" class=\"wpforms-field wpforms-field-email col-sm-6 mb-5\" data-field-id=\"1\"><label class=\"wpforms-field-label\" for=\"wpforms-9510-field_1\">Your email address <span class=\"wpforms-required-label\">*<\/span><\/label><input type=\"email\" id=\"wpforms-9510-field_1\" class=\"wpforms-field-large wpforms-field-required\" name=\"wpforms[fields][1]\" placeholder=\"jackwayley@gmail.com\" spellcheck=\"false\" required><\/div><div id=\"wpforms-9510-field_3-container\" class=\"wpforms-field wpforms-field-text col-sm-6 mb-5\" data-field-id=\"3\"><label class=\"wpforms-field-label\" for=\"wpforms-9510-field_3\">Subject <span class=\"wpforms-required-label\">*<\/span><\/label><input type=\"text\" id=\"wpforms-9510-field_3\" class=\"wpforms-field-large wpforms-field-required\" name=\"wpforms[fields][3]\" placeholder=\"Web design\" required><\/div><div id=\"wpforms-9510-field_5-container\" class=\"wpforms-field wpforms-field-number col-sm-6 mb-5\" data-field-id=\"5\"><label class=\"wpforms-field-label\" for=\"wpforms-9510-field_5\">Your Phone Number <span class=\"wpforms-required-label\">*<\/span><\/label><input type=\"number\" id=\"wpforms-9510-field_5\" class=\"wpforms-field-large wpforms-field-required\" name=\"wpforms[fields][5]\" step=\"any\" required><\/div><div id=\"wpforms-9510-field_6-container\" class=\"wpforms-field wpforms-field-textarea col-sm-12 mb-6\" data-field-id=\"6\"><label class=\"wpforms-field-label\" for=\"wpforms-9510-field_6\">How can we help you? <span class=\"wpforms-required-label\">*<\/span><\/label><textarea id=\"wpforms-9510-field_6\" class=\"wpforms-field-large wpforms-field-required\" name=\"wpforms[fields][6]\" placeholder=\"Hi there, I would like to ...\" required><\/textarea><\/div><\/div><!-- .wpforms-field-container --><div class=\"wpforms-submit-container\" ><input type=\"hidden\" name=\"wpforms[id]\" value=\"9510\"><input type=\"hidden\" name=\"page_title\" value=\"\"><input type=\"hidden\" name=\"page_url\" value=\"https:\/\/citadel.bf\/index.php\/wp-json\/wp\/v2\/pages\/4831\"><input type=\"hidden\" name=\"url_referer\" value=\"\"><button type=\"submit\" name=\"wpforms[submit]\" id=\"wpforms-submit-9510\" class=\"wpforms-submit btn btn-primary btn-wide transition-3d-hover mb-4\" data-alt-text=\"Sending...\" data-submit-text=\"Submit\" aria-live=\"assertive\" value=\"wpforms-submit\">Submit<\/button><img decoding=\"async\" src=\"https:\/\/citadel.bf\/wp-content\/plugins\/wpforms-lite\/assets\/images\/submit-spin.svg\" class=\"wpforms-submit-spinner\" style=\"display: none;\" width=\"26\" height=\"26\" alt=\"Chargement en cours\"><\/div><\/form><\/div>  <!-- .wpforms-container --><\/div><\/div>\n\n\n\n<div class=\"wp-block-fgb-container fgb-container-block container-fluid bg-white\"><iframe src=\"https:\/\/www.google.com\/maps\/embed?pb=!1m14!1m8!1m3!1d15592.452215501782!2d-1.5034063!3d12.3081728!3m2!1i1024!2i768!4f13.1!3m3!1m2!1s0x0%3A0xed71559ac72edc32!2sUniversit%C3%A9%20virtuelle%20du%20Burkina!5e0!3m2!1sfr!2sbf!4v1651601864508!5m2!1sfr!2sbf\" width=\"600\" height=\"450\" style=\"border:0;\" allowfullscreen=\"\" loading=\"lazy\" referrerpolicy=\"no-referrer-when-downgrade\"><\/iframe><\/div>\n","protected":false},"excerpt":{"rendered":"","protected":false},"author":2,"featured_media":0,"parent":0,"menu_order":0,"comment_status":"closed","ping_status":"closed","template":"elementor_theme","meta":{"_mi_skip_tracking":false,"_monsterinsights_sitenote_active":false,"_monsterinsights_sitenote_note":"","_monsterinsights_sitenote_category":0,"_front_options":"{\"hidePageHeader\":true,\"isCustomHeader\":false,\"headerStaticContentID\":5566,\"disableContainer\":true,\"isCustomFooter\":true,\"footerStaticContentID\":7598}","footnotes":""},"class_list":["post-4831","page","type-page","status-publish","hentry"],"aioseo_notices":[],"jetpack-related-posts":[],"_links":{"self":[{"href":"https:\/\/citadel.bf\/index.php\/wp-json\/wp\/v2\/pages\/4831","targetHints":{"allow":["GET"]}}],"collection":[{"href":"https:\/\/citadel.bf\/index.php\/wp-json\/wp\/v2\/pages"}],"about":[{"href":"https:\/\/citadel.bf\/index.php\/wp-json\/wp\/v2\/types\/page"}],"author":[{"embeddable":true,"href":"https:\/\/citadel.bf\/index.php\/wp-json\/wp\/v2\/users\/2"}],"replies":[{"embeddable":true,"href":"https:\/\/citadel.bf\/index.php\/wp-json\/wp\/v2\/comments?post=4831"}],"version-history":[{"count":6,"href":"https:\/\/citadel.bf\/index.php\/wp-json\/wp\/v2\/pages\/4831\/revisions"}],"predecessor-version":[{"id":31472,"href":"https:\/\/citadel.bf\/index.php\/wp-json\/wp\/v2\/pages\/4831\/revisions\/31472"}],"wp:attachment":[{"href":"https:\/\/citadel.bf\/index.php\/wp-json\/wp\/v2\/media?parent=4831"}],"curies":[{"name":"wp","href":"https:\/\/api.w.org\/{rel}","templated":true}]}}